est common factor of 13 and y?
13
Let w be (-1)/((-10)/9 + 1). Let a be (-39)/(27/(-9) - (0 - 0)). Let n(l) = -2*l + 27. Let r be n(a). What is the greatest common divisor of w and r?
1
Let u(c) = -182*c + 2112. Let n be u(11). What is the greatest common divisor of 1485 and n?
55
Let i = -1032 - -1026. Let k be 34*((-11)/i)/(30/90). Let o = 24 - 13. Calculate the highest common divisor of o and k.
11
Let u = 6 + -149. Let b = u - -172. What is the highest common divisor of b and 29?
29
Let d = -190 + 147. Let j(c) = c**3 + 43*c**2 - 8*c - 144. Let y be j(d). Calculate the highest common divisor of 20 and y.
20
Let v be (2 + 3)*-2*(-7)/2. Suppose 150 = 5*g - 2*l, 41 = 2*g + v*l - 32*l. Calculate the greatest common divisor of 364 and g.
28
Let q = 94 + -108. Let b be (-148)/28 - -2 - 4/q. Let l(h) = 3*h**2 + h - 9. Let n be l(b). Calculate the highest common factor of n and 75.
15
Let p = 4444 - 4140. What is the greatest common factor of 209 and p?
19
Let b(r) = 2*r**3 - 48*r**2 + 254*r + 85. Let h be b(17). What is the greatest common factor of h and 459?
51
Let x be 2*-1 + 9/(-3). Let w(f) = -28*f + 3. Let k be w(x). Let n be (-4)/(-8)*(10 - 12/(-1)). What is the greatest common divisor of n and k?
11
Let i = -8119 + 13996. What is the highest common divisor of 9 and i?
9
Let l be 17 - -6*3/(-9). Let h = 42 + -22. Let k be (-42)/(4 + (-88)/h). Calculate the greatest common factor of k and l.
15
Suppose 1711*s = 1660*s + 9588. What is the highest common divisor of 3901 and s?
47
Let g be (-191)/(-4) + (-1)/(-4). Let d = 17 + 23. Let q = g - d. Calculate the highest common divisor of q and 1.
1
Suppose -g - 28 = -8. Let w be 2/(-4) + 2/(g/(-35)). Let t be (0/(-2) + 3/w)*8. Calculate the highest common factor of 12 and t.
4
Let m be 19 - 15 - 55*(1 + -2). Suppose -9*h - m = -194. Calculate the highest common divisor of h and 45.
15
Let h be 15 + -13 - (-716 + 5). Calculate the greatest common divisor of h and 1.
1
Let l be ((-6)/7)/(36/(-168)). Suppose 8*s = l*s + 240. What is the greatest common factor of s and 12?
12
Let y be 124816/1624 - 2/(14/(-1)). Let n = -38 - -66. What is the highest common divisor of n and y?
7
Let w = 59 - 58. Let k be 0/4*w/(-1) + 15. Let p = 799 + -559. What is the greatest common divisor of p and k?
15
Suppose 10*f = -5049 + 11253 + 8226. What is the greatest common factor of f and 195?
39
Let b = -23 - -50. Suppose 5*j - 2*j = 447. Let m = j + -122. What is the greatest common factor of b and m?
27
Let a(j) = -51*j + 6112. Let o be a(109). What is the highest common divisor of o and 711?
79
Suppose 5*m = -158 + 293. Suppose -m = -3*j - 2*l, 9*l - 5*l = -3*j + 33. Calculate the greatest common factor of j and 14.
7
Suppose 9 + 0 = 3*g. Suppose 79*k - 81*k + 8 = 0, 0 = 4*i - 4*k - 200. What is the greatest common divisor of i and g?
3
Let c(g) = 3*g**3 - 8*g**2 - 15*g - 127. Let a be c(6). Calculate the highest common factor of a and 416.
13
Let j(n) = -5*n**3 - 2*n**2 - n + 2. Let v be j(-2). Let l be -624 - -665 - (-21)/3. Calculate the highest common factor of l and v.
12
Suppose m + 149 = 2*w + 2*m, -2*m = 3*w - 226. Let z = -597 + 605. What is the greatest common factor of z and w?
8
Let m be (-282680)/(-52) + -4 - (-6)/(-663)*17. Calculate the highest common factor of m and 280.
56
Suppose 0*t = t + 20. Let r = t + 24. Suppose 3*x = 4*i + 52, -r*x + 46 = 3*i - 15. Calculate the highest common factor of 32 and x.
16
Suppose 0 = -1486*h + 1479*h + 63. What is the highest common factor of h and 6?
3
Let x(h) = h**3 - h**2 + 2*h. Let y = 90 + -87. Let k be x(y). Suppose 3*v + 35 - 395 = 0. Calculate the greatest common divisor of k and v.
24
Let c = -148 + 218. Let v = -75 + c. Let f(m) = -5*m - 12. Let w be f(v). Calculate the greatest common divisor of 143 and w.
13
Suppose 0 = 4*l - 22*l + 108. Suppose 295 - 217 = l*g. Calculate the greatest common factor of g and 442.
13
Let p(z) = z**2 + 14*z - 22. Suppose -19 = 2*v + 13. Let s be p(v). Let q be 1*2 + (-19 - -19). Calculate the greatest common divisor of q and s.
2
Let d(c) = c**2 + 41*c - 2714. Let h be d(-98). Calculate the highest common factor of 20 and h.
4
Let t(o) = 5*o**2 + 151*o + 80. Let y be t(-30). Calculate the highest common divisor of y and 6.
2
Let c = 9241 - 8966. What is the highest common factor of c and 775?
25
Suppose -4*s = -5*h - 148, 0 = -5*s - 3*h - 117 + 302. Suppose 0 = 5*i + 5*c - 160, 3*i - 19 = 5*c + s. Calculate the greatest common factor of i and 90.
9
Suppose -5*l + u + 358 = 0, 3*l + u + 0*u = 218. Suppose 370*n = 366*n + l. Calculate the greatest common factor of 12 and n.
6
Let l be (-48)/(-48)*(-5)/(-1) - -19. What is the greatest common factor of 324 and l?
12
Suppose 0 = 7*i + i + 176. Let a(t) = 34*t - 64. Let s be a(i). Let k be (11 + -10)/((-2)/(s/2)). What is the greatest common divisor of k and 29?
29
Let q(g) = 146*g - 664. Let l be q(5). Let p(x) = 4*x - 1. Let d be p(1). Let z be 1*d*(-33)/(-3). What is the highest common factor of z and l?
33
Let q = -21 + 25. Let j = -19 + 21. Suppose 32 = j*n + b - 3*b, 3*n - 53 = q*b. Calculate the highest common factor of n and 44.
11
Let v = 3 - -5. Suppose -2*f = -2*q - 14, 5*f = -3*q - v + 51. Let x(b) = 3*b - 8. Let n be x(8). Calculate the greatest common divisor of n and f.
8
Suppose 39 = -2*p + 81. Let f(o) = 3*o. Let y(a) = -a. Let r(b) = -f(b) - 4*y(b). Let m be r(p). Calculate the highest common factor of 147 and m.
21
Let r = 12528 - 12320. What is the greatest common factor of 988 and r?
52
Let m(f) = 16235*f + 1734. Let b be m(2). What is the highest common divisor of 68 and b?
68
Suppose -3*b - 6*b = -51896 - 4966. Calculate the highest common factor of b and 26.
26
Let t = -59 + 69. Let i be 3*7/21*t*1. Let a be (0 - -3)*(0 + i + -2). What is the highest common divisor of 84 and a?
12
Suppose -2*a + 218 = 108. Suppose 6*u - a + 1 = 0. Calculate the greatest common factor of 21 and u.
3
Suppose 84*s + 9 = 93*s. Let t be s*((-36)/(-6) + 71). What is the greatest common factor of 7 and t?
7
Let t(a) = -2420*a + 221. Let f be t(-2). What is the highest common factor of f and 7?
7
Let y(v) = v**2 - 4*v - 57. Let d be y(9). Let m be (18/d)/((-9)/48). Let b be ((-4)/(-6))/((-2)/(-6)). Calculate the highest common factor of m and b.
2
Suppose 33*u = 29*u + 380. Let s = 60 + -50. Calculate the highest common divisor of u and s.
5
Suppose 2*d - 16 = -0*d. Let j be (-16)/3*(-12)/d. Suppose y + 3*y + 4*n - 36 = 0, 2*y = -4*n + 28. What is the greatest common divisor of y and j?
4
Let b = -301 - -304. Suppose -4*i = 3*t - 153, 0*i - 150 = -3*t - b*i. Calculate the highest common factor of t and 376.
47
Let m(f) = -200*f - 1524. Let d be m(-8). What is the highest common factor of d and 188?
4
Suppose 3*m - 2*n - 998 = 0, -4*n + 31 = 11. Let v be 51/(-323) - (-402)/19. What is the highest common divisor of v and m?
21
Let d = 915 + 70. Calculate the highest common factor of 5 and d.
5
Let g = 1 + 5. Suppose -y - 20 = -3*y. Suppose -g = x - y. Calculate the greatest common divisor of 44 and x.
4
Let y be (3/2)/(11 + 14748/(-1344)). Calculate the highest common factor of 2828 and y.
28
Let s = -11183 + 11201. Let w(i) = 14*i - 7. Let p be w(5). What is the greatest common factor of p and s?
9
Suppose 0 = 5*n - n - 4, 31 = 2*m - 5*n. Suppose -m*d + 12 = -15*d. Calculate the highest common factor of d and 20.
4
Suppose 6 = 31*h - 28*h. Let t = 1 + h. Suppose 389 = 4*n - t*k, 2*n - k - 293 = -n. Calculate the highest common factor of n and 28.
14
Let r = -3873 + 3972. Calculate the greatest common divisor of 121 and r.
11
Let y(v) = v - 10. Suppose 3*h - 30 = -5*d + 2*d, -2*h + d = -35. Let f be y(h). Suppose -2*g + 29 = f. What is the highest common factor of 96 and g?
12
Let z = 79 + -87. Let i be (-2 - -22)/(z/(-6)). What is the greatest common factor of 6 and i?
3
Suppose 2*b - 6486 = -w, -3*w = 27 - 21. Suppose 0 = 4*y - t - b, 0 = -58*y + 60*y - 4*t - 1636. Calculate the highest common factor of y and 30.
30
Suppose 0 = c + 5*i - 31, i - 30 = -3*c + 21. What is the greatest common divisor of 6352 and c?
16
Let d = -73 + 78. Suppose -2*f = 8, -c + f + 14 = d*f. What is the greatest common factor of 120 and c?
30
Let x(w) = -5*w**2 + 146*w - 122. Let d be x(27). Calcu